e f(-9). Is 12/b*(-279)/(-2) a prime number?
False
Suppose 41*p = 46*p - 20415. Is p a prime number?
False
Is 7040/14 + 114/(-133) a prime number?
False
Let q = -21 + 11. Let s(a) = -12*a + 11. Is s(q) prime?
True
Suppose 2 = q, 3*q - 6*q = 3*v - 66. Suppose -2*k + 0*k - 3*d = -18, -v = -4*k - 2*d. Suppose z = 5*u - 14 - 178, 0 = -k*u - 5*z + 132. Is u prime?
False
Let x(i) = -6*i**2 + 7*i - 10. Let j be (-4 + 2)*10/(-4). Let p(u) = -u**2 - 1. Let c(o) = j*p(o) - x(o). Is c(9) a prime number?
True
Suppose 0 = 2*t + 6, 5*p - t + 5*t - 253 = 0. Is p prime?
True
Let q be 3*(-3)/((-27)/24). Suppose -p + 35 - q = 4*d, 3*d - 9 = 3*p. Suppose m - d*m = -265. Is m a composite number?
False
Let i(n) = -12*n - 5. Is i(-7) a prime number?
True
Let p(s) = -s - 5. Let a be p(-5). Suppose 99 = -a*f + f. Suppose 2*o = 5*o + 3*u - f, 0 = -u - 1. Is o prime?
False
Suppose 0 = r + n - 37, 5*r = 4*r - 4*n + 43. Is r composite?
True
Let a = -200 - -451. Is a a composite number?
False
Suppose -3*g + 5*a = 340, 0*g + 2*a = -4*g - 488. Let i = -61 - g. Is i composite?
False
Let v(o) = -o + 9. Let c be v(5). Suppose 134 + 326 = c*j. Is j prime?
False
Let b(n) = 4*n + 3. Is b(4) prime?
True
Let o = 719 + -1521. Is o/6*(-1 - 2) composite?
False
Let a = 1507 + -1058. Is a a prime number?
True
Suppose -2*i + 280 = 4*w, 5*i - 513 - 169 = -4*w. Is i a composite number?
True
Suppose 155 = -k + 6*k. Is k composite?
False
Let s be (12/(-10))/((-4)/10). Let n(j) = 0*j + 0*j - j**2 + j + 3 - j**s. Is n(-4) a composite number?
False
Let b = 172 + -41. Is b composite?
False
Suppose 1 = -x - 2. Let w(y) be the first derivative of -8*y**2 + y + 3. Is w(x) prime?
False
Suppose 77 = -q - 142. Let y = q + 410. Is y composite?
False
Suppose -4*z - 15 = -z. Let l be -1 + 5/(z/2). Is 1/((2 + l)/(-13)) composite?
False
Is 1 + 8/(-4) - 2 - -94 a prime number?
False
Is 977/3 - 1/(-3) prime?
False
Let z be -2*(-14)/(-4) - 0. Let l(t) = t**2 + 9*t + 9. Let q be l(z). Let m = q - -8. Is m composite?
False
Let u(a) = a**2 + 6*a - 2. Suppose 15 = 2*n + 5. Is u(n) composite?
False
Let y(t) = 32*t + 2. Let c be y(2). Let m(q) = -2*q**2 + 10*q - 1. Let b be m(-11). Let s = c - b. Is s composite?
False
Let h be 0/(-2) - (2 + -2). Let n be (-2)/(-4)*h + -13. Let l = -7 - n. Is l composite?
True
Let v(k) = -k**3 + 8*k**2 + 12*k - 8. Let b = -10 + 19. Is v(b) prime?
True
Let g be 4/(-6) + 224/3. Let r = g + 26. Suppose n + 3*n - r = 2*f, n - 3 = -5*f. Is n composite?
False
Let i(t) = -39*t - 9*t + 0 - 1 + 2. Is i(-1) prime?
False
Suppose 5*o + x - 1938 - 1686 = 0, -5*x - 1455 = -2*o. Suppose -5*w + o = -0*w. Is w prime?
False
Let n be 49 + (1 + 2)/(-3). Let j = n - 34. Let l = 23 + j. Is l a prime number?
True
Let n = 1 + -3. Let s be 7/((-1)/(n + 0)). Is (-4)/s + 932/28 prime?
False
Let u be 6/5*(-20)/6. Let n be (-46)/14 - u/14. Is 66 - (0 + n/(-3)) prime?
False
Let d = -1 - -22. Is d a composite number?
True
Suppose 3*y + 3*c = -9, -2 = 5*y + 3*c + 3. Is 1/(y/62 + 0) a prime number?
True
Let v(u) be the first derivative of 2*u**3/3 + 5*u**2/2 + 3*u - 3. Is v(4) a prime number?
False
Let d = 4 + -60. Let r = -38 - d. Suppose 0 = -2*o - 0*o + 3*s + r, -3*o - 5*s - 11 = 0. Is o a prime number?
True
Suppose 5*k - 3*h - 5 = 0, -2*k + 5*h = -k - 1. Suppose -q + 3 + k = 0. Is (-2)/q*-262*1 a composite number?
False
Let b(a) = 4*a**2 - 4*a - a - a - 9. Is b(-5) a prime number?
False
Let q = -6 + 7. Is ((-4)/(-12))/(q/282) composite?
True
Is ((-3)/((-6)/902))/1 prime?
False
Let o(n) = -95*n + 16. Is o(-11) a prime number?
True
Let o = 631 + -336. Is o composite?
True
Let m(w) = -18*w. Let g be m(1). Let u be 2/4 - g/12. Suppose -2*x - 3*q = -58, u*x - q = -0*x + 74. Is x composite?
True
Suppose -85 = -4*q + 55. Is q a composite number?
True
Let o(g) = -g**3 - 8*g**2 + 15*g + 13. Let w be o(-10). Suppose 0 = -k + 5*k - 5*y - 467, -3*y - 587 = -5*k. Let t = k - w. Is t composite?
True
Let h be 0/(-3 - -2) - -713. Let z = h + -456. Is z composite?
False
Suppose 210 = -4*m + 46. Let a = m - -24. Let z = 60 + a. Is z a prime number?
True
Let w be ((-31188)/(-18))/(4/6). Suppose 3*d - h = h + w, -5*d + 4320 = -h. Is d a composite number?
False
Is -3 - -3 - ((-4 - -4) + -15757) a prime number?
False
Let k(m) = -m**3 - 9*m**2 - m - 13. Let u be k(-9). Is (u/8)/((-2)/4196) a composite number?
False
Let w(n) = n**3 - 7*n**2 - 9*n + 4. Let r be w(8). Let z be (1 + -288)/(r/4). Suppose 283 = 3*u + 4*x, -5*x + 3*x = 3*u - z. Is u a prime number?
True
Let z(y) = y**3 - 8*y**2 - 7*y - 3. Suppose 4*h - 6*h = -20. Is z(h) a prime number?
True
Suppose -5*c + 281 = 2*d, 4*d - 142 = 3*d - 3*c. Is d a composite number?
True
Suppose 0 = m + 4*m - 5*i - 140, -2*m + 3*i = -53. Is m a composite number?
False
Let j(x) = -333*x - 11. Let w(q) = -222*q - 7. Let c(n) = 5*j(n) - 8*w(n). Is c(8) composite?
True
Suppose -3*k = -k. Suppose k = 2*l - 0*l - 6. Suppose -l*z - m = -355, -5*z + 7 = -4*m - 596. Is z a prime number?
False
Let f = 0 + 4. Suppose f*k = 124 + 208. Is k a composite number?
False
Let o(p) = -3*p + 1. Let y be o(-4). Suppose 3*n - 2 = y. Suppose n*f = -5*v + 485, -3*f + v - 6*v = -299. Is f a composite number?
True
Suppose -7*z + 6001 = -11716. Is z prime?
True
Let h be (5 - 4)/((-1)/(-3)). Suppose 19 - h = 4*b. Is b composite?
True
Let h(y) = -7*y + 3*y - 6*y. Let p be h(-1). Is 486/10 - (-4)/p prime?
False
Let p(k) = k**3 + 8*k**2 - 2*k - 4. Suppose 2*u + 3*u = b + 20, -4*u = 2*b + 26. Let m = b - -8. Is p(m) a prime number?
True
Suppose 3*s - 2*f + 352 = -4*f, -565 = 5*s - f. Let c = 61 + s. Let w = 12 - c. Is w prime?
False
Let j(f) = f**2 - 5*f - 4. Let w be (-3)/2*20/(-6). Let z be j(w). Let i(k) = -2*k**3 - 5*k**2 + 4*k + 3. Is i(z) composite?
True
Let c be 5 - -4 - (0 + 3). Is c/(-4) + (-1482)/(-12) composite?
True
Let z = 4 + -4. Suppose z = 4*r + r - 655. Is r a composite number?
False
Let z(s) = 2*s**2 + s + 6. Let h be z(6). Let y be (98/(-6))/((-1)/(-3)). Let p = y + h. Is p prime?
False
Suppose 4*h = -1 + 13. Suppose 4*q - h*q + 3747 = 5*l, -2*l = -q - 1500. Is l prime?
False
Suppose 5*n + f - 2387 = -3*f, 966 = 2*n - 4*f. Is n prime?
True
Let b = 17 - 9. Suppose 0*d - 4*d - 152 = 0. Let m = b - d. Is m a composite number?
True
Is 1/((-367)/(-1611) - 10/45) a prime number?
True
Let i = 11 - 8. Let o be (-6)/9 + 8/i. Suppose 0*r = 5*r - z - 160, r + o*z - 21 = 0. Is r prime?
True
Let z = -157 + 3119. Is z composite?
True
Suppose 102 = m - 144. Let w = -15 + 24. Suppose 3*h - m = -w. Is h composite?
False
Suppose 5*v - u = 0, 5*v = v - 2*u. Let b(k) = -2*k**2 + 3*k**2 + 23 - 2*k**2. Is b(v) a composite number?
False
Let a(l) = l**3 + 6*l**2 - 9*l - 8. Let x be a(-7). Is (-2034)/12*(-4)/x composite?
False
Let k = 6 + -3. Suppose k*f = -2*f + s + 6115, 0 = 5*f - 2*s - 6120. Is f/6 - (-4)/(-6) prime?
False
Suppose 3*t + 1120 = 5*w, -t - 2 = 3. Is w a prime number?
False
Is (1*-3037)/((-3)/(2 - -1)) a prime number?
True
Suppose 0 = -2*t - 2*t. Suppose 3*m - 84 - 363 = t. Is m a composite number?
False
Let x = -571 + 1830. Is x a prime number?
True
Let d(m) = -66*m - 1. Suppose -1 + 5 = -2*q. Is d(q) a composite number?
False
Let h = 620 - 419. Suppose 11*q = 5*q. Suppose q = -p + 4*p - h. Is p composite?
False
Let h(k) = 38*k**2 + 5. Let n be h(-5). Suppose 2*f + 3*f - n = 0. Is f a composite number?
False
Is (-1341)/(-15) - (-4)/(-10) prime?
True
Let w be -7 + 9 - 1*-92. Suppose -k = -2*k + w. Is k prime?
False
Let v(u) = 299*u + 10. Is v(3) composite?
False
Suppose 4*p + 0*p - 316 = 0. Is p a composite number?
False
Suppose 4*y + 88 = 4*k, -3*k - 2*k + 3*y = -106. Suppose c + k = 96. Let p = -39 + c. Is p prime?
True
Is (-2*515)/(6/(-6)) - 3 prime?
False
Let i = -3 - 4. Let l be 2/i + 334/(-7). Let f = l - -94. Is f a prime number?
False
Suppose -3*v = -3*t + 14 + 7, 3*v + 2*t - 4 = 0. Let b be 3/v*8/(-6). Is (-290)/(-4)*(0 + b) a prime number?
False
Let b = 12 + -41. Let k = -12 - b. Let u = k - -36. Is u a composite number?
False
Suppose -5 = -i - 3. Let p = i - -3. Is (-383)/(-5) + 2/p composite?
True
Let a = -7 + 11. Suppose -5*p - 5*b - 11 = -4*p, -4*p + 28 = -a*b. Is -4 + p - (-74)/2 a prime number?
True
Let x(d) = -d**2 + 8*d - 9. Let q be x(7). Let b be (-12)/1*1/q. Let p = b - -1. Is p composite?